{"id":2655,"date":"2021-10-08T11:09:33","date_gmt":"2021-10-08T09:09:33","guid":{"rendered":"https:\/\/bcmilly.com\/?page_id=2655"},"modified":"2022-11-02T10:19:11","modified_gmt":"2022-11-02T09:19:11","slug":"mentions-legales","status":"publish","type":"page","link":"https:\/\/bcmilly.com\/?page_id=2655","title":{"rendered":"Mentions l\u00e9gales"},"content":{"rendered":"\t\t<div data-elementor-type=\"wp-page\" data-elementor-id=\"2655\" class=\"elementor elementor-2655\">\n\t\t\t\t\t\t<section class=\"elementor-section elementor-top-section elementor-element elementor-element-49108ab elementor-section-boxed elementor-section-height-default elementor-section-height-default\" data-id=\"49108ab\" data-element_type=\"section\" data-settings=\"{&quot;_ha_eqh_enable&quot;:false}\">\n\t\t\t\t\t\t<div class=\"elementor-container elementor-column-gap-default\">\n\t\t\t\t\t<div class=\"elementor-column elementor-col-100 elementor-top-column elementor-element elementor-element-fd2811e\" data-id=\"fd2811e\" data-element_type=\"column\">\n\t\t\t<div class=\"elementor-widget-wrap elementor-element-populated\">\n\t\t\t\t\t\t<div class=\"elementor-element elementor-element-1b51281 elementor-widget elementor-widget-heading\" data-id=\"1b51281\" data-element_type=\"widget\" data-widget_type=\"heading.default\">\n\t\t\t\t<div class=\"elementor-widget-container\">\n\t\t\t<h2 class=\"elementor-heading-title elementor-size-small\">Mentions l\u00e9gales<\/h2>\t\t<\/div>\n\t\t\t\t<\/div>\n\t\t\t\t<div class=\"elementor-element elementor-element-63c38ba elementor-widget elementor-widget-text-editor\" data-id=\"63c38ba\" data-element_type=\"widget\" data-widget_type=\"text-editor.default\">\n\t\t\t\t<div class=\"elementor-widget-container\">\n\t\t\t\t\t\t\t<p style=\"font-weight: 900;\"><span style=\"background-color: rgba(255, 255, 255, 0); letter-spacing: 0px;\">Le site &#8220;bcmilly.com&#8221; ainsi que les sites &#8220;biere-rebelle.fr&#8221;, &#8220;cidre-pas-pareil.fr&#8221; et &#8220;bierepaillette.fr&#8221; sont \u00e9dit\u00e9s par les Brasseries et Cidreries de Milly<\/span><\/p><p><span style=\"font-size: 12px;\"><b>SAS au capital de 15 066 000 \u20ac<br \/><\/b><\/span><b style=\"background-color: rgba(255, 255, 255, 0); letter-spacing: 0px;\">RCS de Meaux B 746 150 085<br \/><\/b><b style=\"background-color: rgba(255, 255, 255, 0); letter-spacing: 0px;\">Si\u00e8ge social\u00a0&nbsp;: Chemin Le Bouleur, 77500 CHELLES<br \/><\/b><b style=\"background-color: rgba(255, 255, 255, 0); letter-spacing: 0px;\">N\u00b0 de TVA intracommunautaire&nbsp;: FR85746150085<\/b><\/p><p><span style=\"font-size: 12px;\"><b>Directeur de la publication&nbsp;:<\/b><\/span><\/p><p><span style=\"font-size: 12px;\"><b>Thierry Soria, Directeur Commercial et Marketing des Brasseries et Cidreries de Milly, <\/b><\/span><b style=\"background-color: rgba(255, 255, 255, 0); letter-spacing: 0px;\">joignable au 03 44 81 33 33 ou \u00e0 l&#8217;adresse contact@bcmilly.com<\/b><\/p><p style=\"font-weight: 900;\">\u00a0<\/p><div>Le site est h\u00e9berg\u00e9 par<br \/>OVH<\/div><div><span style=\"background-color: rgba(255, 255, 255, 0); letter-spacing: 0px;\">SAS au capital de 10 069 020 \u20ac<\/span><\/div><div>RCS Roubaix \u2013 Tourcoing 424 761 419 00045<\/div><div>Code APE 2620Z<\/div><div>N\u00b0 TVA&nbsp;: FR 22 424 761 419<\/div><div>Si\u00e8ge social&nbsp;: 2 rue Kellermann &#8211; 59100 Roubaix &#8211; France.<\/div><div>Directeur de la publication&nbsp;: Octave KLABA<\/div><div><span style=\"background-color: rgba(255, 255, 255, 0); letter-spacing: 0px;\">OVH SAS est une filiale de la soci\u00e9t\u00e9 OVH Groupe SAS, soci\u00e9t\u00e9 immatricul\u00e9e au RCS de Lille sous le num\u00e9ro 537 407 926 sise 2, rue Kellermann, 59100 Roubaix.<\/span><\/div><div>\u00a0<span style=\"background-color: rgba(255, 255, 255, 0); letter-spacing: 0px;\">L&#8217;ensemble de ce site rel\u00e8ve des l\u00e9gislations fran\u00e7aises et internationales sur le droit d&#8217;auteur et la propri\u00e9t\u00e9 intellectuelle. Tous les droits de reproduction sont r\u00e9serv\u00e9s, y compris pour les documents iconographiques et photographiques.<\/span><\/div><p style=\"font-weight: 900;\">Tous droits r\u00e9serv\u00e9s &#8211; 2021<\/p>\t\t\t\t\t\t<\/div>\n\t\t\t\t<\/div>\n\t\t\t\t\t<\/div>\n\t\t<\/div>\n\t\t\t\t\t<\/div>\n\t\t<\/section>\n\t\t\t\t<\/div>\n\t\t","protected":false},"excerpt":{"rendered":"<p>Mentions l\u00e9gales Le site &#8220;bcmilly.com&#8221; ainsi que les sites &#8220;biere-rebelle.fr&#8221;, &#8220;cidre-pas-pareil.fr&#8221; et &#8220;bierepaillette.fr&#8221; sont \u00e9dit\u00e9s par les Brasseries et Cidreries de Milly SAS au capital de 15 066 000 \u20ac RCS de Meaux B 746 150 085 Si\u00e8ge social&nbsp;&nbsp;: Chemin Le Bouleur, 77500 CHELLES N\u00b0 de TVA intracommunautaire&nbsp;: FR85746150085 Directeur de la publication&nbsp;: Thierry Soria, Directeur Commercial et Marketing des Brasseries et Cidreries de Milly, joignable au 03 44 81 33 33 ou \u00e0 l&#8217;adresse contact@bcmilly.com Le site est h\u00e9berg\u00e9 par OVHSAS au capital de 10 069 020 \u20acRCS Roubaix \u2013 Tourcoing 424 761 419 00045Code APE 2620ZN\u00b0 TVA&nbsp;: FR 22 424 761 419Si\u00e8ge social&nbsp;: 2 rue Kellermann &#8211; 59100 Roubaix &#8211; France.Directeur de la publication&nbsp;: Octave KLABAOVH SAS est une filiale de la soci\u00e9t\u00e9 OVH Groupe SAS, soci\u00e9t\u00e9 immatricul\u00e9e au RCS de Lille sous le num\u00e9ro 537 407 926 sise 2, rue Kellermann, 59100 Roubaix.&nbsp;L&#8217;ensemble de ce site rel\u00e8ve&hellip;<\/p>\n<p> <a class=\"more-link\" href=\"https:\/\/bcmilly.com\/?page_id=2655\">Lire la suite<\/a><\/p>\n","protected":false},"author":1,"featured_media":0,"parent":0,"menu_order":0,"comment_status":"closed","ping_status":"closed","template":"","meta":{"footnotes":""},"yoast_head":"<!-- This site is optimized with the Yoast SEO plugin v22.3 - https:\/\/yoast.com\/wordpress\/plugins\/seo\/ -->\n<title>Mentions l\u00e9gales - Brasseries &amp; Cidreries de Milly | Tradition et savoir-faire<\/title>\n<meta name=\"description\" content=\"Brasseries &amp; Cidreries de Milly | Tradition et savoir-faire - Mentions l\u00e9gales\" \/>\n<meta name=\"robots\" content=\"index, follow, max-snippet:-1, max-image-preview:large, max-video-preview:-1\" \/>\n<link rel=\"canonical\" href=\"https:\/\/bcmilly.com\/?page_id=2655\" \/>\n<meta property=\"og:locale\" content=\"fr_FR\" \/>\n<meta property=\"og:type\" content=\"article\" \/>\n<meta property=\"og:title\" content=\"Mentions l\u00e9gales - Brasseries &amp; Cidreries de Milly | Tradition et savoir-faire\" \/>\n<meta property=\"og:description\" content=\"Brasseries &amp; Cidreries de Milly | Tradition et savoir-faire - Mentions l\u00e9gales\" \/>\n<meta property=\"og:url\" content=\"https:\/\/bcmilly.com\/?page_id=2655\" \/>\n<meta property=\"og:site_name\" content=\"Brasseries &amp; Cidreries de Milly | Tradition et savoir-faire\" \/>\n<meta property=\"article:modified_time\" content=\"2022-11-02T09:19:11+00:00\" \/>\n<meta name=\"twitter:card\" content=\"summary_large_image\" \/>\n<meta name=\"twitter:label1\" content=\"Dur\u00e9e de lecture estim\u00e9e\" \/>\n\t<meta name=\"twitter:data1\" content=\"1 minute\" \/>\n<script type=\"application\/ld+json\" class=\"yoast-schema-graph\">{\"@context\":\"https:\/\/schema.org\",\"@graph\":[{\"@type\":\"WebPage\",\"@id\":\"https:\/\/bcmilly.com\/?page_id=2655\",\"url\":\"https:\/\/bcmilly.com\/?page_id=2655\",\"name\":\"Mentions l\u00e9gales - Brasseries &amp; Cidreries de Milly | Tradition et savoir-faire\",\"isPartOf\":{\"@id\":\"https:\/\/bcmilly.com\/#website\"},\"datePublished\":\"2021-10-08T09:09:33+00:00\",\"dateModified\":\"2022-11-02T09:19:11+00:00\",\"description\":\"Brasseries &amp; Cidreries de Milly | Tradition et savoir-faire - Mentions l\u00e9gales\",\"breadcrumb\":{\"@id\":\"https:\/\/bcmilly.com\/?page_id=2655#breadcrumb\"},\"inLanguage\":\"fr-FR\",\"potentialAction\":[{\"@type\":\"ReadAction\",\"target\":[\"https:\/\/bcmilly.com\/?page_id=2655\"]}]},{\"@type\":\"BreadcrumbList\",\"@id\":\"https:\/\/bcmilly.com\/?page_id=2655#breadcrumb\",\"itemListElement\":[{\"@type\":\"ListItem\",\"position\":1,\"name\":\"Accueil\",\"item\":\"https:\/\/bcmilly.com\/\"},{\"@type\":\"ListItem\",\"position\":2,\"name\":\"Mentions l\u00e9gales\"}]},{\"@type\":\"WebSite\",\"@id\":\"https:\/\/bcmilly.com\/#website\",\"url\":\"https:\/\/bcmilly.com\/\",\"name\":\"Brasseries &amp; Cidreries de Milly | Tradition et savoir-faire\",\"description\":\"En Picardie, dans l\u2019Oise, les Brasseries &amp; Cidreries de Milly produisent des bi\u00e8res authentiques, des cidres et jus de pomme pur-jus et de la limonade d&#039;antan. Une vraie signature.\",\"publisher\":{\"@id\":\"https:\/\/bcmilly.com\/#organization\"},\"potentialAction\":[{\"@type\":\"SearchAction\",\"target\":{\"@type\":\"EntryPoint\",\"urlTemplate\":\"https:\/\/bcmilly.com\/?s={search_term_string}\"},\"query-input\":\"required name=search_term_string\"}],\"inLanguage\":\"fr-FR\"},{\"@type\":\"Organization\",\"@id\":\"https:\/\/bcmilly.com\/#organization\",\"name\":\"BCM Brasserie et Cidrerie de Milly\",\"url\":\"https:\/\/bcmilly.com\/\",\"logo\":{\"@type\":\"ImageObject\",\"inLanguage\":\"fr-FR\",\"@id\":\"https:\/\/bcmilly.com\/#\/schema\/logo\/image\/\",\"url\":\"https:\/\/bcmilly.com\/wp-content\/uploads\/2019\/11\/BCM-Logo-512x512px.png\",\"contentUrl\":\"https:\/\/bcmilly.com\/wp-content\/uploads\/2019\/11\/BCM-Logo-512x512px.png\",\"width\":512,\"height\":512,\"caption\":\"BCM Brasserie et Cidrerie de Milly\"},\"image\":{\"@id\":\"https:\/\/bcmilly.com\/#\/schema\/logo\/image\/\"}}]}<\/script>\n<!-- \/ Yoast SEO plugin. -->","yoast_head_json":{"title":"Mentions l\u00e9gales - Brasseries &amp; Cidreries de Milly | Tradition et savoir-faire","description":"Brasseries &amp; Cidreries de Milly | Tradition et savoir-faire - Mentions l\u00e9gales","robots":{"index":"index","follow":"follow","max-snippet":"max-snippet:-1","max-image-preview":"max-image-preview:large","max-video-preview":"max-video-preview:-1"},"canonical":"https:\/\/bcmilly.com\/?page_id=2655","og_locale":"fr_FR","og_type":"article","og_title":"Mentions l\u00e9gales - Brasseries &amp; Cidreries de Milly | Tradition et savoir-faire","og_description":"Brasseries &amp; Cidreries de Milly | Tradition et savoir-faire - Mentions l\u00e9gales","og_url":"https:\/\/bcmilly.com\/?page_id=2655","og_site_name":"Brasseries &amp; Cidreries de Milly | Tradition et savoir-faire","article_modified_time":"2022-11-02T09:19:11+00:00","twitter_card":"summary_large_image","twitter_misc":{"Dur\u00e9e de lecture estim\u00e9e":"1 minute"},"schema":{"@context":"https:\/\/schema.org","@graph":[{"@type":"WebPage","@id":"https:\/\/bcmilly.com\/?page_id=2655","url":"https:\/\/bcmilly.com\/?page_id=2655","name":"Mentions l\u00e9gales - Brasseries &amp; Cidreries de Milly | Tradition et savoir-faire","isPartOf":{"@id":"https:\/\/bcmilly.com\/#website"},"datePublished":"2021-10-08T09:09:33+00:00","dateModified":"2022-11-02T09:19:11+00:00","description":"Brasseries &amp; Cidreries de Milly | Tradition et savoir-faire - Mentions l\u00e9gales","breadcrumb":{"@id":"https:\/\/bcmilly.com\/?page_id=2655#breadcrumb"},"inLanguage":"fr-FR","potentialAction":[{"@type":"ReadAction","target":["https:\/\/bcmilly.com\/?page_id=2655"]}]},{"@type":"BreadcrumbList","@id":"https:\/\/bcmilly.com\/?page_id=2655#breadcrumb","itemListElement":[{"@type":"ListItem","position":1,"name":"Accueil","item":"https:\/\/bcmilly.com\/"},{"@type":"ListItem","position":2,"name":"Mentions l\u00e9gales"}]},{"@type":"WebSite","@id":"https:\/\/bcmilly.com\/#website","url":"https:\/\/bcmilly.com\/","name":"Brasseries &amp; Cidreries de Milly | Tradition et savoir-faire","description":"En Picardie, dans l\u2019Oise, les Brasseries &amp; Cidreries de Milly produisent des bi\u00e8res authentiques, des cidres et jus de pomme pur-jus et de la limonade d&#039;antan. Une vraie signature.","publisher":{"@id":"https:\/\/bcmilly.com\/#organization"},"potentialAction":[{"@type":"SearchAction","target":{"@type":"EntryPoint","urlTemplate":"https:\/\/bcmilly.com\/?s={search_term_string}"},"query-input":"required name=search_term_string"}],"inLanguage":"fr-FR"},{"@type":"Organization","@id":"https:\/\/bcmilly.com\/#organization","name":"BCM Brasserie et Cidrerie de Milly","url":"https:\/\/bcmilly.com\/","logo":{"@type":"ImageObject","inLanguage":"fr-FR","@id":"https:\/\/bcmilly.com\/#\/schema\/logo\/image\/","url":"https:\/\/bcmilly.com\/wp-content\/uploads\/2019\/11\/BCM-Logo-512x512px.png","contentUrl":"https:\/\/bcmilly.com\/wp-content\/uploads\/2019\/11\/BCM-Logo-512x512px.png","width":512,"height":512,"caption":"BCM Brasserie et Cidrerie de Milly"},"image":{"@id":"https:\/\/bcmilly.com\/#\/schema\/logo\/image\/"}}]}},"_links":{"self":[{"href":"https:\/\/bcmilly.com\/index.php?rest_route=\/wp\/v2\/pages\/2655"}],"collection":[{"href":"https:\/\/bcmilly.com\/index.php?rest_route=\/wp\/v2\/pages"}],"about":[{"href":"https:\/\/bcmilly.com\/index.php?rest_route=\/wp\/v2\/types\/page"}],"author":[{"embeddable":true,"href":"https:\/\/bcmilly.com\/index.php?rest_route=\/wp\/v2\/users\/1"}],"replies":[{"embeddable":true,"href":"https:\/\/bcmilly.com\/index.php?rest_route=%2Fwp%2Fv2%2Fcomments&post=2655"}],"version-history":[{"count":21,"href":"https:\/\/bcmilly.com\/index.php?rest_route=\/wp\/v2\/pages\/2655\/revisions"}],"predecessor-version":[{"id":2681,"href":"https:\/\/bcmilly.com\/index.php?rest_route=\/wp\/v2\/pages\/2655\/revisions\/2681"}],"wp:attachment":[{"href":"https:\/\/bcmilly.com\/index.php?rest_route=%2Fwp%2Fv2%2Fmedia&parent=2655"}],"curies":[{"name":"wp","href":"https:\/\/api.w.org\/{rel}","templated":true}]}}